is 2120122221 (base 3) in base 7?
301030
What is -224172 (base 13) in base 3?
-1112002102000
Convert -3120321223 (base 4) to base 5.
-211412202
-14324003 (base 5) to base 7
-1201300
What is 151522 (base 9) in base 7?
535106
-16701 (base 11) to base 9
-35173
What is -324243250 (base 6) in base 14?
-ab2298
-725415 (base 8) to base 3
-110012202121
34561 (base 7) to base 10
8863
What is -47602 (base 10) in base 8?
-134762
Convert -114085 (base 9) to base 4.
-100233323
Convert -101001111111001011110 (base 2) to base 4.
-11033321132
Convert 640003 (base 8) to base 2.
110100000000000011
What is -175827 (base 13) in base 11?
-369507
-132010300 (base 4) to base 2
-11110000100110000
-214d9b (base 14) to base 3
-2010021221121
6555345 (base 9) to base 12
1219495
What is -11762b3 (base 14) in base 11?
-4795a46
Convert 11326423 (base 7) to base 4.
3303310132
11012210012 (base 3) to base 13
2b9a9
10011011111011111 (base 2) to base 12
3a253
-968933 (base 11) to base 15
-208ebd
What is -4241 (base 9) in base 12?
-1977
-2ba369 (base 15) to base 6
-113121113
24dda (base 15) to base 6
2305424
What is 1233001230 (base 4) in base 15?
8eb29
-111121032 (base 4) to base 3
-11110012120
25000112 (base 6) to base 11
4a1a38
What is 130dd (base 16) in base 11?
53700
What is -13842515 (base 9) in base 6?
-403225405
What is 183c3f (base 16) in base 6?
54013103
-10011110110011010100 (base 2) to base 13
-19a0aa
What is -11100001011110101010 (base 2) in base 10?
-923562
-1258814 (base 9) to base 12
-292771
Convert -9c5a32 (base 14) to base 6.
-305544204
-22310202322 (base 4) to base 5
-1211233131
-1000111000111001011 (base 2) to base 5
-33310100
212021020212 (base 3) to base 2
1101111110100001101
What is 1470204 (base 8) in base 2?
1100111000010000100
What is 2354352 (base 8) in base 9?
1183230
What is 37e58e (base 15) in base 4?
22032202301
1011011010110100 (base 2) to base 7
253235
What is 29117 (base 10) in base 15?
8962
What is 8267a (base 14) in base 7?
2445513
What is 505649 (base 10) in base 7?
4204124
Convert -22303125 (base 6) to base 12.
-287aa5
What is -2904885 (base 10) in base 3?
-12110120202100
Convert 22111022111111 (base 3) to base 15.
5e256d
Convert 921517 (base 13) to base 9.
6354371
193d21 (base 15) to base 6
42153321
Convert -a7560a (base 12) to base 5.
-1134033421
What is 406361 (base 7) in base 9?
115265
230231201 (base 4) to base 14
4aa53
What is -34204141 (base 5) in base 13?
-a82b4
-c929 (base 16) to base 6
-1034225
Convert 61677414 (base 8) to base 7.
216062111
What is -154603025 (base 7) in base 5?
-10134030002
Convert 10001101000100110000 (base 2) to base 5.
121442330
Convert -2102011022 (base 4) to base 9.
-1111688
Convert 15031254 (base 6) to base 2.
1111110010100110010
What is 11240122221 (base 5) in base 16?
c39322
Convert 52143443 (base 6) to base 4.
11233313103
-6565 (base 13) to base 9
-21317
Convert -12033436 (base 8) to base 4.
-22003130132
-58335 (base 13) to base 9
-264673
-1a75bb (base 15) to base 11
-801679
-108290 (base 10) to base 7
-630500
Convert -61e7d2 (base 16) to base 11.
-3692765
-2220000202 (base 3) to base 16
-de32
What is -6496ab (base 12) in base 10?
-1592483
-408099 (base 16) to base 14
-7c0769
Convert -200331000 (base 4) to base 3.
-20212011010
Convert 1110a2 (base 16) to base 15.
171580
What is -b711a (base 13) in base 6?
-11022330
-4b49 (base 15) to base 8
-37254
4518b7 (base 12) to base 5
240231102
Convert 2bc0a (base 15) to base 8.
423435
-10011000000011111111110 (base 2) to base 15
-6865a7
-2477b (base 16) to base 2
-100100011101111011
Convert 1121210110 (base 5) to base 14.
49940a
Convert -549293 (base 14) to base 15.
-3b9ba1
110101000010010 (base 2) to base 7
142111
What is -2356017 (base 11) in base 12?
-1461024
-24514721 (base 8) to base 16
-5299d1
What is 5b70 (base 16) in base 10?
23408
Convert -200122010000 (base 3) to base 11.
-230616
Convert -66580 (base 14) to base 16.
-3c8f4
What is 251530 (base 8) in base 9?
142144
8837a7 (base 15) to base 6
351050521
-1110100001000110011 (base 2) to base 6
-14110151
1b88190 (base 12) to base 3
102002220112100
What is 1355403102 (base 6) in base 14?
232b8bc
Convert -111c41 (base 15) to base 4.
-3013100020
-81b694 (base 15) to base 10
-6164239
-63242 (base 10) to base 14
-19094
Convert -13123664 (base 7) to base 2.
-100100100110101101100
1311034440 (base 5) to base 12
10b4191
-23241124 (base 6) to base 9
-1317727
What is 11103112 (base 4) in base 7?
120214
What is -6210e5 (base 15) in base 9?
-8683728
Convert 1121003312 (base 6) to base 3.
212021012001022
Convert 11434 (base 10) to base 7.
45223
Convert -11001010110000110010 (base 2) to base 6.
-25444550
-2a93a75 (base 11) to base 12
-19318a6
-45453554 (base 6) to base 16
-153b6e
-154432 (base 6) to base 10
-15284
-101891 (base 12) to base 7
-2066113
What is -517144 (base 11) in base 10?
-829382
What is 11132202 (base 4) in base 8?
53642
Convert 76d02 (base 14) to base 15.
5a4a1
Convert -1319007 (base 11) to base 10.
-2281341
What is 443204 (base 7) in base 11?
53636
35362 (base 7) to base 10
9109
What is -11100111020 (base 3) in base 7?
-504465
2230201231 (base 4) to base 15
de5b4
Convert -5a4c58 (base 13) to base 5.
-1022343324
-20116115 (base 7) to base 8
-6272475
Convert 20141424 (base 5) to base 10.
162114
Convert -4044 (base 6) to base 5.
-12032
cb0e9a (base 15) to base 11
5507247
110313223333 (base 4) to base 2
10100110111101011111111
-602040 (base 7) to base 9
-164270
6127c (base 13) to base 6
3421324
What is -4a68a (base 12) in base 10?
-101194
What is 301a7a (base 11) in base 16?
76995
Convert 1502033 (base 6) to base 12.
41919
What is 22121011312 (base 4) in base 6?
134220034
What is d0ad (base 16) in base 3?
2201021120
Convert -5d43 (base 16) to base 3.
-1012202021
Convert c506 (base 14) to base 11.
23531
1152015 (base 7) to base 8
437327
What is 89183 (base 10) in base 8?
256137
What is -102a23 (base 11) in base 10?
-164948
-222222121201222 (base 3) to base 13
-2c81969
-11320221201 (base 4) to base 8
-5705141
What is 27cd3d (base 14) in base 15?
1c3db1
What is 2a5401 (base 12) in base 5?
140323431
-81e0b (base 15) to base 16
-64790
a34691 (base 14) to base 13
11aa067
Convert -12102211000 (base 3) to base 16.
-1a214
Convert -3a50 (base 14) to base 3.
-112002002
22a39 (base 12) to base 9
70600
111010000100101011 (base 2) to base 5
30102432
Convert -718b4 (base 12) to base 14.
-3bdd6
-4982c (base 14) to base 9
-303774
Convert 276470 (base 8) to base 4.
113310320
Convert -c45b (base 15) to base 3.
-2002220112
Convert 103313113 (base 4) to base 15.
19197
Convert -215261 (base 7) to base 16.
-93ef
3b8329 (base 16) to base 8
16701451
3a0ed7 (base 15) to base 8
12504617
2294964 (base 10) to base 9
4277080
-37360 (base 9) to base 10
-25083
What is 131606353 (base 7) in base 6?
501124524
-885525 (base 15) to base 14
-c12135
-2c60a (base 14) to base 3
-12122012010
1032332343 (base 6) to base 8
52067607
What is -273601a (base 11) in base 7?
-55065646
Convert -7146823 (base 9) to base 6.
-213400503
Convert d8428 (base 14) to base 8.
1773704
-20020220210010 (base 3) to base 9
-6226703
101101110010100111 (base 2) to base 11
118a09
Convert 12342314 (base 5) to base 12.
5a440
What is -3200121333 (base 4) in base 7?
-10545534
Convert 12310421 (base 8) to base 4.
22121010101
-17174407 (base 8) to base 7
-45651613
-604898 (base 10) to base 6
-20544242
Convert -932ba (base 12) to base 4.
-232323232
-451110300 (base 6) to base 3
-120101021121000
What is -50226 (base 7) in base 8?
-27533
Convert -17936 (base 11) to base 6.
-312050
What is 4631061 (base 7) in base 3?
1002102021110
What is 471304 (base 10) in base 13?
1366a2
154718 (base 9) to base 6
2013242
-911a65 (base 13) to base 8
-14676130
1221210222111 (base 3) to base 7
11556505
Convert 223020000 (base 5) to base 12.
3b6475
Convert -130133102 (base 4) to base 3.
-12221001212
4334607 (base 8) to base 2
100011011100110000111
-12733c (base 13) to base 7
-3530326
What is 7633254 (base 8) in base 3?
10211221001102
Convert -212503 (base 11) to base 9.
-567362
What is -212541350 (base 6) in base 4?
-32122012002
What is 1010000101010010001 (base 2) in base 15?
67d5a
Convert 31140311 (base 5) to base 8.
763332
15e800 (base 15) to base 8
4031256
Convert 22111021102 (base 3) to base 